{"id":256,"date":"2024-01-31T15:28:25","date_gmt":"2024-01-31T13:28:25","guid":{"rendered":"https:\/\/suv.fi\/venehuolto\/?page_id=256"},"modified":"2024-09-19T08:59:30","modified_gmt":"2024-09-19T05:59:30","slug":"kartta","status":"publish","type":"page","link":"https:\/\/suv.fi\/venehuolto\/kartta\/","title":{"rendered":"Kartta"},"content":{"rendered":"\n<div class=\"wp-block-cover alignfull\" style=\"min-height:300px;aspect-ratio:unset;\"><span aria-hidden=\"true\" class=\"wp-block-cover__background has-background-dim\"><\/span><img loading=\"lazy\" decoding=\"async\" width=\"1680\" height=\"500\" class=\"wp-block-cover__image-background wp-image-272\" alt=\"\" src=\"https:\/\/suv.fi\/venehuolto\/wp-content\/uploads\/2024\/01\/venehuolto.jpg\" data-object-fit=\"cover\" srcset=\"https:\/\/suv.fi\/venehuolto\/wp-content\/uploads\/2024\/01\/venehuolto.jpg 1680w, https:\/\/suv.fi\/venehuolto\/wp-content\/uploads\/2024\/01\/venehuolto-300x89.jpg 300w, https:\/\/suv.fi\/venehuolto\/wp-content\/uploads\/2024\/01\/venehuolto-1024x305.jpg 1024w, https:\/\/suv.fi\/venehuolto\/wp-content\/uploads\/2024\/01\/venehuolto-768x229.jpg 768w, https:\/\/suv.fi\/venehuolto\/wp-content\/uploads\/2024\/01\/venehuolto-1536x457.jpg 1536w\" sizes=\"auto, (max-width: 1680px) 100vw, 1680px\" \/><div class=\"wp-block-cover__inner-container is-layout-constrained wp-block-cover-is-layout-constrained\">\n<h1 class=\"wp-block-heading has-text-align-center has-palette-color-8-color has-text-color has-link-color wp-elements-3e25d36b9d6053f26eab3de0ffc14359\">L\u00f6yd\u00e4 j\u00e4lleenmyyj\u00e4 l\u00e4helt\u00e4<\/h1>\n\n\n\n<p class=\"has-text-align-center has-palette-color-8-color has-text-color has-link-color wp-elements-8090058c53e74b5569107b2dc74de2e5\">Salli sijaintisi k\u00e4ytt\u00f6 selaimessa ja aloita haku. <a href=\"https:\/\/suv.fi\/\">T\u00e4st\u00e4 takaisin SUV:n sivuille.<\/a><\/p>\n<\/div><\/div>\n\n\n<style>\r\n\t#wpsl-stores .wpsl-store-thumb {height:45px !important; width:45px !important;}\r\n\t#wpsl-stores, #wpsl-direction-details, #wpsl-gmap {height:500px !important;}\r\n\t#wpsl-gmap .wpsl-info-window {max-width:300px !important;}\r\n\t.wpsl-input label, #wpsl-radius label, #wpsl-category label {width:95px;}\r\n\t#wpsl-search-input  {width:300px;}\r\n<\/style>\r\n<div id=\"wpsl-wrap\">\r\n\t<div class=\"wpsl-search wpsl-clearfix \">\r\n\t\t<div id=\"wpsl-search-wrap\">\r\n\t\t\t<form autocomplete=\"off\">\r\n\t\t\t<div class=\"wpsl-input\">\r\n\t\t\t\t<div><label for=\"wpsl-search-input\">Sijaintisi<\/label><\/div>\r\n\t\t\t\t<input id=\"wpsl-search-input\" type=\"text\" value=\"\" name=\"wpsl-search-input\" placeholder=\"\" aria-required=\"true\" \/>\r\n\t\t\t<\/div>\r\n\t\t\t<div class=\"wpsl-select-wrap\">\r\n\t\t\t\t<div id=\"wpsl-radius\">\r\n\t\t\t\t\t<label for=\"wpsl-radius-dropdown\">Hakus\u00e4de<\/label>\r\n\t\t\t\t\t<select id=\"wpsl-radius-dropdown\" class=\"wpsl-dropdown\" name=\"wpsl-radius\">\r\n\t\t\t\t\t\t<option value=\"10\">10 km<\/option><option value=\"25\">25 km<\/option><option value=\"50\">50 km<\/option><option value=\"100\">100 km<\/option><option value=\"200\">200 km<\/option><option value=\"500\">500 km<\/option><option value=\"750\">750 km<\/option><option selected=\"selected\" value=\"1000\">1000 km<\/option>\r\n\t\t\t\t\t<\/select>\r\n\t\t\t\t<\/div>\r\n\t\t\t\t<div id=\"wpsl-results\">\r\n\t\t\t\t\t<label for=\"wpsl-results-dropdown\">Tulokset<\/label>\r\n\t\t\t\t\t<select id=\"wpsl-results-dropdown\" class=\"wpsl-dropdown\" name=\"wpsl-results\">\r\n\t\t\t\t\t\t<option value=\"25\">25<\/option><option value=\"50\">50<\/option><option value=\"75\">75<\/option><option selected=\"selected\" value=\"100\">100<\/option>\r\n\t\t\t\t\t<\/select>\r\n\t\t\t\t<\/div>\r\n\t\t\t<\/div>\r\n\t\t\t\t<div class=\"wpsl-search-btn-wrap\"><input id=\"wpsl-search-btn\" type=\"submit\" value=\"Haku\"><\/div>\r\n\t\t<\/form>\r\n\t\t<\/div>\r\n\t<\/div>\r\n\t<div id=\"wpsl-gmap\" class=\"wpsl-gmap-canvas\"><\/div>\r\n\t<div id=\"wpsl-result-list\">\r\n\t\t<div id=\"wpsl-stores\" >\r\n\t\t\t<ul><\/ul>\r\n\t\t<\/div>\r\n\t\t<div id=\"wpsl-direction-details\">\r\n\t\t\t<ul><\/ul>\r\n\t\t<\/div>\r\n\t<\/div>\r\n<\/div>\r\n\n","protected":false},"excerpt":{"rendered":"","protected":false},"author":2,"featured_media":0,"parent":0,"menu_order":0,"comment_status":"closed","ping_status":"closed","template":"","meta":{"footnotes":""},"class_list":["post-256","page","type-page","status-publish","hentry"],"blocksy_meta":{"disable_header":"yes","disable_footer":"yes","content_style_source":"custom","vertical_spacing_source":"custom","content_area_spacing":"none","styles_descriptor":{"styles":{"desktop":"[data-prefix=\"single_page\"] [class*=\"ct-container\"] > article[class*=\"post\"] {--has-boxed:var(--false);--has-wide:var(--true);}","tablet":"","mobile":""},"google_fonts":[],"version":6}},"_links":{"self":[{"href":"https:\/\/suv.fi\/venehuolto\/wp-json\/wp\/v2\/pages\/256","targetHints":{"allow":["GET"]}}],"collection":[{"href":"https:\/\/suv.fi\/venehuolto\/wp-json\/wp\/v2\/pages"}],"about":[{"href":"https:\/\/suv.fi\/venehuolto\/wp-json\/wp\/v2\/types\/page"}],"author":[{"embeddable":true,"href":"https:\/\/suv.fi\/venehuolto\/wp-json\/wp\/v2\/users\/2"}],"replies":[{"embeddable":true,"href":"https:\/\/suv.fi\/venehuolto\/wp-json\/wp\/v2\/comments?post=256"}],"version-history":[{"count":14,"href":"https:\/\/suv.fi\/venehuolto\/wp-json\/wp\/v2\/pages\/256\/revisions"}],"predecessor-version":[{"id":311,"href":"https:\/\/suv.fi\/venehuolto\/wp-json\/wp\/v2\/pages\/256\/revisions\/311"}],"wp:attachment":[{"href":"https:\/\/suv.fi\/venehuolto\/wp-json\/wp\/v2\/media?parent=256"}],"curies":[{"name":"wp","href":"https:\/\/api.w.org\/{rel}","templated":true}]}}